 the remainder when o(x) is divided by 24.
23
Let r(b) = 7*b**2 + 641*b + 1278. Calculate the remainder when 934 is divided by r(-2).
22
Let d(p) = 15*p - 17. Let r be d(5). Let s(q) = q**3 + 22*q**2 + 18*q + 28. Let j be s(-21). Let f = j - r. Calculate the remainder when 163 is divided by f.
31
Suppose -z - 2*r - 94 = 4*z, 3*r + 6 = 0. Let h(a) = a**2 + 16*a + 11. What is the remainder when h(z) is divided by 24?
23
Suppose h + 1 = x - 4*x, -23 = -3*h + 4*x. Suppose -h*p = 27*p - 7872. What is the remainder when p is divided by 13?
12
Suppose 0 = j + 3*s - 32, -14*j + 12*j - 3*s + 58 = 0. Calculate the remainder when 631 is divided by j.
7
Let s = 110 - 363. Let j = -170 - s. Let h = -4 - -25. What is the remainder when j is divided by h?
20
Suppose 4*k - 276 - 48 = 0. Suppose -79*h = -k*h + 92. What is the remainder when h is divided by 16?
14
Let m(z) = -z**2 + 5*z + 4. Let h be m(6). Let o(n) = n**3 - 8*n**2 + 19*n - 8. Calculate the remainder when (-1 - -7)/h + 13 is divided by o(3).
2
Let o = 124 - 96. Let f be (268/(-10))/((o/105)/(-4)). Suppose 8*j = 5*j + f. What is the remainder when j is divided by 28?
22
Suppose r = 3*r + h - 2, -5*r - 2*h + 7 = 0. Suppose 13*b = 9*b + r*q + 413, 4*q - 448 = -4*b. What is the remainder when b is divided by 47?
13
Suppose 0*i - 335 = -3*z - 4*i, -2*z + 3*i + 195 = 0. Suppose 59*s = 74*s - z. What is the remainder when 17 + (-3)/6*-2 is divided by s?
4
Suppose 5*j + 5 = -5*i, 9*i - 4*j - 22 = 4*i. Suppose 3*a + 4 + i = 0. Calculate the remainder when ((-2)/3)/(a/81) is divided by 5.
2
Let a(f) = -2*f**3 + 3*f**2 - 25*f - 88. Let s(z) = -148*z - 430. What is the remainder when a(-3) is divided by s(-3)?
12
Let f = -74 - -349. Calculate the remainder when 1039 is divided by f.
214
Let m be (6/(-15))/(4/(-10)). Let k be ((9/4)/(-1))/(m/(-28)). Calculate the remainder when (486/k)/(1/7) is divided by 11.
10
Let q(j) = 16*j - 4*j + 30*j - 18. What is the remainder when 63 is divided by q(1)?
15
Let q = 21 + -63. Let h = q - -46. Calculate the remainder when (-4)/8*-22*(-1 + h) is divided by 17.
16
Let h be (-5)/(15/(-24)) - 1. Let k be (-59)/(-8) + -4 + (-3)/8. Suppose -w + h = k. What is the remainder when w is divided by 3?
1
Let w(q) = -9*q + 290. Let s be w(32). Suppose 2*v + 57 = p, -s*p - v = -83 - 6. Calculate the remainder when 136 is divided by p.
42
Let b = 775 - 774. What is the remainder when 46*(-105)/(-14)*b/5 is divided by 26?
17
Suppose -26 = 2*g - 0*g. Suppose -3*k + 8 = -58. What is the remainder when 247/g*(-2)/1 is divided by k?
16
Let j(a) = 29*a**2 + 49*a - 27. What is the remainder when j(5) is divided by 135?
133
Calculate the remainder when 171 is divided by (222 - 229) + 155*1.
23
Let j(f) = 3*f**3 + 19*f**2 - 149*f + 3. Calculate the remainder when j(6) is divided by 147.
0
Suppose -p + 3*s + 9 = 0, 5*p - 28 = -s - s. Let y = -177 - -252. Calculate the remainder when y is divided by (3*(-2)/(-3))/(p/39).
10
Suppose -4986 = 108*c - 8440 - 11990. Calculate the remainder when 431 is divided by c.
2
Suppose 117*i = 90*i + 81. What is the remainder when 23 is divided by (-185)/(-15) - -1 - 1/i?
10
Suppose 12*w + 513 = 39*w. Suppose w*q = -15*q + 2210. What is the remainder when q is divided by 35?
30
Let k(z) = 8*z**2 + 15*z - 165. What is the remainder when k(-11) is divided by 23?
17
Let l(s) = -s**3 + 7*s**2 - 8*s + 47. Calculate the remainder when 2797 is divided by l(6).
32
Suppose 0 = -0*r + 5*r, 0 = -4*s + 9*r + 148. What is the remainder when ((-1)/(-2))/(3/642) is divided by s?
33
Let q(y) = 44*y**3 - y**2 + 32*y + 63. Let p be q(-2). Let h = p + 392. Calculate the remainder when 136 is divided by h.
31
Let i = 2 + -5. Let a be (i*(-2)/6)/((-3)/(-117)). Suppose -34*j = -a*j + 35. Calculate the remainder when 40 is divided by j.
5
Suppose -8*n - 3112 = -2*l + 15772, 0 = n + 2. What is the remainder when l is divided by 78?
74
Let v(s) = -s**3 + 43*s**2 + 42*s + 84. Let r be v(44). What is the remainder when 45 is divided by (2 - -4)/(7/(-2) - r)?
9
Let x = -24614 - -24900. Calculate the remainder when 853 is divided by x.
281
Let p = -172 + 164. Let j(g) = 11*g + 137. Calculate the remainder when j(p) is divided by 13.
10
Suppose 0*d + d - 2*x = -52, -x - 4 = 0. Let o = -126 - d. Calculate the remainder when 8 is divided by 4/(-6) + 1 - o/18.
0
Let i be (-45)/(-6)*96/(-18). Let n = i + 44. Suppose n*u + 8 = 5*u. Calculate the remainder when 13 is divided by u.
5
Suppose 0 = 3*h + 5*p - 59, -6*h + 2*p - 18 = -7*h. What is the remainder when 2542 is divided by h?
22
Suppose 0 = -3*q + 4*j + 1, -11 = -5*q + 3*j - j. Suppose 2*y + w = 27, 70 = 7*y - 2*y + q*w. Let c = 133 + -92. Calculate the remainder when c is divided by y.
8
Suppose -2*k - 2*l = -4*k + 528, 2*l + 793 = 3*k. Let r = 271 - k. Calculate the remainder when 105 is divided by r.
3
Let s(i) = -34*i - 5. Let o = 1 - 3. Let j be s(o). What is the remainder when 44 is divided by 6/3 - 2/((-6)/j)?
21
Let h be (-11 - -8)*(3 + -2). Let n be h - (-4 - (-2 + 4)). Calculate the remainder when 43 is divided by ((-5)/(-2) - 3)/(n/(-138)).
20
Let f = -29 + 27. Suppose 0*c - 2*z + 7 = 5*c, c + 3*z = 4. What is the remainder when f/(-4) - (-9)/18 is divided by c?
0
Suppose -16 = 3*n - 5*r - 154, 0 = -5*n - r + 230. Let a(h) = 4*h**2 - 4*h + 2. Calculate the remainder when n is divided by a(2).
6
Let m = -1676 + 1857. What is the remainder when m is divided by 29?
7
Let f = 55 + -52. Suppose -f*d = 2*d - 125. Suppose -3*l + 53 + d = 0. Calculate the remainder when 76 is divided by l.
24
Suppose 15 - 78 = 7*l. Let x(d) = -34*d - 142. Calculate the remainder when x(l) is divided by 59.
46
Let y be (2/5)/(132/(-45) - -3). Let i be (y/(-9))/((-5)/(-30)). What is the remainder when 29 is divided by i*12/(-32) - (-58)/4?
13
Calculate the remainder when 143360/288 - (-4)/18 is divided by 51.
39
Suppose -2*g - 4*c = -42, 0*c + 94 = 4*g - 2*c. Let b(j) = -21*j + 41. Let v be b(-11). Let f = 408 - v. Calculate the remainder when f is divided by g.
21
Suppose 2*a - 1 = 5*a + 4*v, 2*a - v = 14. Suppose 9*t = a*t + 208. Calculate the remainder when t is divided by 27.
25
Let b(n) = -n**3 - n**2 - 34*n - 213. What is the remainder when 1030 is divided by b(-8)?
16
Suppose 117*q - 41175 = 126*q. Calculate the remainder when 0 + -6 + q/(-25) is divided by 63.
51
Let d(t) = -t**2 + 20. Let f = 2 + -2. Let u(b) = 141*b + 20029. Calculate the remainder when d(f) is divided by u(-142).
6
Suppose 9*o - 3319 + 3085 = 0. What is the remainder when 48 is divided by o?
22
Let k(v) = 2*v**2 + 23*v - 15. Calculate the remainder when (4/(-3))/(12044/1506 - 8) is divided by k(-13).
22
Suppose 4*c + 2 + 4 = -s, 5*s + 5*c = 30. Let q = 85 + -73. What is the remainder when 10/q - 916/(-24) is divided by s?
9
Let v = -1187 - -1622. What is the remainder when v is divided by 132?
39
Suppose 0 = 4*d + j - 11457, 11421 = 4*d - 396*j + 393*j. Calculate the remainder when d is divided by 952.
6
Let g(j) = -29*j - 103. Let h be 0/((-12)/((-4)/1)). Suppose h = 4*b + 20, 5*b - 140 = -5*k + 280. Calculate the remainder when k is divided by g(-4).
11
Let m(r) = -3*r**3 + 5*r**2 + 4*r + 4. Let k be m(-2). Suppose -k*t + 243 = -31*t. Calculate the remainder when 75 is divided by t.
21
Suppose -5*s = 2*h - 337, -3*h = -s + 5*s - 264. Calculate the remainder when s is divided by (-117)/(-9) - 5 - (35 - 35).
5
Let t(z) = 3*z**2 + 12*z. Let h be t(3). Suppose 74*a - h*a = 1210. Calculate the remainder when a is divided by 35.
5
Suppose 2*v + 2*v = -3*v + 917. What is the remainder when 1091 is divided by v?
43
Let t(c) = -284*c + 3893. Calculate the remainder when t(13) is divided by 131.
70
Suppose 0*n - 5*n - x + 30 = 0, 0 = -n + x + 6. Suppose 0 = -28*c + 26*c - 8, -2*w + 114 = -5*c. Calculate the remainder when w is divided by n.
5
Let p = 17665 - 16513. Calculate the remainder when p is divided by 287.
4
Let m(f) = f - 9. Let g be m(11). Suppose -4*u - 2*y = -30, g*u - 3*y - 5 = 14. Calculate the remainder when -1 + -6 + 0/(-2) + 21 is divided by u.
6
Let q = -2529 + 5273. Suppose 36*m - q = 22*m. What is the remainder when m is divided by 66?
64
Let y(k) = k**2 + 13*k + 18. Let v be y(-10). Let l be v*((-9)/15 - (-57)/45). Let q = l - -21. Calculate the remainder when